 5. Let s(o) = 6*o - 8. Let j(k) = -s(k) - 2*y(k). Determine j(-1).
6
Let q(r) = 15*r**3 + 148*r**2 + 2*r - 146*r**2 - 7*r - 6. Let k be q(-1). Let v(d) = d**2 + 16*d + 22. Calculate v(k).
-6
Let f(l) be the second derivative of -l**4/12 - 4*l**3/3 - 2*l**2 - 2*l. Let h = -222 - -225. Let b be (-30)/((-30)/h) - (-1 + 10). Calculate f(b).
8
Let f = -7 - -9. Suppose 40 = f*w - 2. Suppose 0 = -c + 2*c - 3, -5*c + w = -q. Let n(g) = -g**2 - 7*g + 1. What is n(q)?
7
Suppose 5*z - n + 3 = 18, 0 = -2*z + n + 3. Let i(k) be the first derivative of -z*k + 3*k**2 - 1/3*k**3 + 21. Give i(3).
5
Let f(o) = -o + 6. Suppose 3*z = 2*l - 281 - 26, -6 = -3*l. Let m = z - -104. Suppose -4*n - 2*x + 27 = -n, -m*n - 3*x = -30. Give f(n).
-1
Let f(l) = l + 4*l + 0*l - 1. Suppose -5*n - 4*z = -10, 3*n + 41*z = 38*z + 3. Let j(c) = -6*c. Let g(v) = n*j(v) + 7*f(v). Determine g(-5).
-2
Let j be 12/(-42) - ((-111)/(-21))/(-1). Let w(c) be the first derivative of -c**3/3 + 2*c**2 + 12*c - 105. Determine w(j).
7
Let j(y) = -3*y**2 + y - 1. Suppose 0 = 3*u + b - 15 + 2, -2*u + b = -2. Let o(r) = -2*r**2 + 5*r + 4. Let c be o(u). Suppose 0*s - s + c = 0. Calculate j(s).
-3
Let d(g) be the third derivative of 0*g - 1/8*g**4 + 1/360*g**6 - 29*g**2 + 0 + 7/2*g**3 - 3/40*g**5. Let v(t) be the first derivative of d(t). What is v(9)?
-3
Suppose -5*i + 25 = u, -2*u - 6*i + 3*i + 22 = 0. Suppose 5*k + 5*f = -15, 25 = -5*f - 0*f. Let r(b) = -2 + 4*b - k*b**2 - 7*b**2 + 8*b**2. Determine r(u).
-7
Let t(r) = 2*r**2 + 23*r - 50. Let z = 12929 - 12943. Give t(z).
20
Suppose -725*z = -717*z. Let p(g) = -49*g - 6. Determine p(z).
-6
Let d be (-1 - 1)/((-3)/(-15 - -6)). Let i(m) = -1. Let x(g) be the first derivative of -g**3/3 - 5*g**2/2 - 6*g - 32. Let v(c) = -4*i(c) + x(c). Give v(d).
-8
Let v(r) be the third derivative of r**6/120 - r**5/30 - r**4/6 + 2*r**3/3 + 50*r**2. Suppose -w - 4*d + 5 = -2*d, d - 4 = -w. Give v(w).
1
Let c(u) be the second derivative of u**5/20 - u**4/12 + 5*u**3/6 - 5*u**2/2 - 1819*u. Give c(4).
63
Let n(a) = -a**2 - 11*a + 6. Let i be n(-6). Let g(w) = -41 + 4*w - w**3 - 4*w**2 - i + 118 - 40. What is g(-4)?
-15
Suppose 2 = -z - 2*x + 12, 2*z + 1 = 3*x. Suppose z*v + v + 6 = -i, -2*i = -4*v - 58. Suppose -17*u + i*u = -10. Let r(h) = h**3 + 5*h**2 - 6. Calculate r(u).
-6
Let k(x) = -x + 7. Suppose -2*r = 6 + 2, d = -r - 5. Let u be (0 + 1)*(d - -4). Suppose -u*t = -20*t. Give k(t).
7
Let s(f) = 8*f - 4. Suppose 7848*u = 7842*u + 24. What is s(u)?
28
Let o(p) = -461*p + 6455. Let y be o(14). Let m(t) = t - 1. Let i(c) = -9*c**3 + c**2 + 5*c - 5. Let k(z) = i(z) - 6*m(z). Give k(y).
-8
Suppose 3*i = -49*f + 51*f - 20, -50 = 3*i + 4*f. Let o(v) = -v**2 - 6*v + 1. What is o(i)?
-39
Let a(z) be the third derivative of -z**9/30240 - z**8/4032 - z**7/2520 + 33*z**5/20 + 87*z**2 - 2. Let m(l) be the third derivative of a(l). Give m(-3).
15
Let u(j) be the first derivative of -j**2/2 - 7*j + 1. Suppose -5*m + 3*o + 9 = -o, -4*m + 36 = 4*o. Suppose 4*d + 15 = -m. Give u(d).
-2
Let r(y) = -8*y**2 - 12*y - 2*y**2 + 9*y**2 + 16. Let g(f) = 2*f + 25. Let o be g(-19). Give r(o).
3
Suppose 68 = -14*w - 30. Let g(b) be the third derivative of -b**5/60 - 5*b**4/24 + 3*b**3/2 + 293*b**2. Calculate g(w).
-5
Let k(n) = n**3 - 11*n**2 + 10*n. Let j = 456 - 458. Let z(l) = 1. Let w(t) = j*z(t) + k(t). Calculate w(10).
-2
Let l(c) = -8169*c**2 - 1 + 16330*c**2 - c - 8159*c**2. Let p be 1/(-1) - (-2 - 1). Calculate l(p).
5
Let j(n) = -5*n**2 + 4*n - n + 6*n**2 + 7*n - 17. Suppose -10*a + 56*a + 506 = 0. Calculate j(a).
-6
Let y(p) be the second derivative of 5*p**3/6 + 45*p**2/2 + 257*p + 2. What is y(-9)?
0
Let b(t) be the first derivative of -t**3/3 - 21*t**2/2 - 56*t - 3424. Calculate b(-5).
24
Let b(c) = c**2 + 7*c - 17. Let v(i) = 20*i**2 - 220*i - 128. Let p(m) = -6*m**2 + 73*m + 43. Let u(z) = -7*p(z) - 2*v(z). Let x be u(36). What is b(x)?
1
Suppose 0 = 32*c + 108 - 12. Let k(r) = -6*r + 4. Let q(t) = 3*t - 2. Let l(h) = -6*k(h) - 11*q(h). Determine l(c).
-11
Let a = -3505 + 3507. Let q(z) = 3*z**3 - 4*z**2 + 2*z - 2. Give q(a).
10
Let w(h) = -2*h + 4. Let u(o) = o**3 + 11*o**2 + 5*o - 27. Let p be u(-9). Let m be p/(-120) - 46/(-8). What is w(m)?
-6
Let q(m) = -m**3 + 3*m**2 + 3 + 74*m - 175*m + 103*m. What is q(3)?
9
Let c(g) = 57*g**2 + 38*g**2 - 94*g**2 - 34 + 6*g + 17*g. Determine c(-24).
-10
Suppose -3*o + 43 = 28*a - 23*a, 5*o - 4*a = -64. Let q(i) = 3 + i + 4*i**2 + 0*i + 0*i**3 + i**3. Determine q(o).
-1
Suppose -5*t + 4*v + 19 = 92, 32 = -2*t + 3*v. Let r(g) = 7*g + 30. Determine r(t).
-61
Let v = -408 - -410. Let u(w) = -8 + v*w - 6*w + 4*w + 18*w - 7*w + w**2. Give u(-10).
-18
Let c(h) = -h**2 + h + 2. Let w be 323/(-13) - (-8)/(-52). Let i = 25 + w. Suppose i = -r - 0*r. Calculate c(r).
2
Suppose -s - 4*u = u - 80, -2*s + 124 = -2*u. Suppose s = -8*r + 1. Let n(p) = -p - 2. Determine n(r).
6
Let q(l) be the second derivative of 2*l + l**3 - 51 + 1/2*l**2. Determine q(2).
13
Suppose 648*k + 642*k - 192 = 1266*k. Let g(t) = -17*t + 128. Give g(k).
-8
Let l(x) = -5*x**2 - 17*x - 2. Let f(y) = -9*y**2 - 33*y - 3. Let s(t) = -6*f(t) + 11*l(t). Let d be (-78)/(-8) + -10*11/(-440). What is s(d)?
6
Let j = 22 - 15. Let r be (((-117)/2)/(-3))/(12/16). Let h(s) = -4*s + 16 + s**2 - 2*s - r. Calculate h(j).
-3
Let s(r) be the second derivative of -r**5/20 + r**4/12 - r**3/3 + 2*r - 30. Let o(x) = -6*x**3 - 3*x**2 - 17*x + 4. Let z(m) = -o(m) + 5*s(m). What is z(-7)?
-4
Let t(n) be the third derivative of -n**6/30 + n**5/30 + 15*n**2 - 67. Calculate t(-2).
40
Let d(g) = g**2 + 4*g + 39219. Let z be d(0). Let f(v) = 4 - 2*v + v**3 - z*v**2 - 2 + 39217*v**2. Calculate f(-2).
-10
Let t(p) = -3*p + 1. Let z(m) = -15*m - 3. Let w(o) = -4*t(o) + z(o). Calculate w(14).
-49
Let r(s) = 19*s + 2. Let p(z) = 29*z + 3. Let x(b) = 5*p(b) - 8*r(b). Let a = 5645 - 5647. Calculate x(a).
13
Let h(o) be the third derivative of -o**6/120 - o**5/6 + o**4/3 - 13*o**3/3 + 44*o**2 + 2*o. Let t(d) = 10*d**3 - d - 2. Let z be t(-1). Give h(z).
7
Let x(u) = -1861 - 8*u - 1861 + 5582 - 2*u - 2*u**2 - 1863. Let m be 7/(-4)*-2*-2. Determine x(m).
-31
Suppose -3*c + 23 = 5*s, -20*s - c + 10 = -18*s. Let k(x) = 403*x + s - 802*x + 397*x. Suppose 35 = 5*h - 2*q, -q = h - 0*q. Give k(h).
-3
Let k(m) = 591 + 1148 + 27*m + 6*m - 1741. What is k(-4)?
-134
Let l(a) = 2*a - 22. Let w be l(12). Suppose 0 = 4*k + 2*g - 18, -3*k - w = -5*g + 4. Let z(y) = -5 + 10 - 5 + k*y + y**2. What is z(-4)?
4
Let l(g) be the second derivative of -g**4/12 - 5*g**3/6 - 5*g**2/2 - 4*g + 167. Give l(-3).
1
Let d(h) = h**2 - 9*h + 4. Let o be d(9). Let w be 20/80 + 7/o. Suppose 16 = 4*b, -w*l - 24 = -0*b - 3*b. Let c(s) = -s - 1. Calculate c(l).
5
Let o(c) = -111 + 5*c + 51 - 9. Calculate o(14).
1
Suppose -11*j + 22 = -0*j. Let s(z) = 7*z + j*z + 6*z - 9*z + 3. Give s(-3).
-15
Let c(j) = j**2 - j - 30. Suppose 4*i - 3*k - 103 = -2*k, 5*k = 4*i - 115. Suppose 4*y - 20 = 4*w, -4*y + i = -0*y - 5*w. Determine c(y).
-30
Suppose -4*q + 34 = 2. Suppose 2*c = 5*i - q - 1, 2*i + 3*c = 15. Let o(t) = -7 - 2*t**2 - 4*t**i + 3*t**3 + t + 2 + 3. Calculate o(-3).
4
Let y = 100 - 21. Suppose -p + 39 = -t - 4*p, -2*t - 5*p - y = 0. Let w be (-6)/t - 66/21. Let i(g) = 2*g - 4. Determine i(w).
-10
Let p(o) = 3. Let d(u) = -u + 1. Let t = 669 - 670. Let a(f) = t*d(f) + 5*p(f). What is a(-19)?
-5
Let w(m) = -m - 4. Let c be w(-10). Suppose -3*q - 7 = -10. Let o(i) = q + 2 + 7*i - 23*i + 13*i. Calculate o(c).
-15
Let w be -5*35/25 + (12 - 1). Let p(r) be the first derivative of 2/3*r**3 - 2*r + 1 + 3/2*r**2 - 1/4*r**w. Give p(3).
-2
Let y be ((-3357)/(-1865))/((-6)/(-20)). Let p(f) = 8*f**2 - 2*f - 1. Let t be p(4). Suppose -65 = -y*q - t. Let j(b) = 2*b + 7. What is j(q)?
-11
Suppose y + 3*t - 4 = -y, -4*t = 0. Suppose 5*f = -y*f + 14. Let i(o) = o**2. Let l(r) = -r**3 - 3*r**2 + 5*r - 3. Let k(j) = f*i(j) - l(j). Give k(-6).
-3
Let i(h) be the third derivative of -2*h**2 + 2/3*h**3 + 1/10*h**5 + 2 + 1/4*h**4 + 1/120*h**6 + 0*h. Let t = -11 - -6. Give i(t).
-1
Let p be (-2)/5 - 183/5. Let x = -35 - p. Suppose -x*m + 2 = -m. Let t(a) = -3*a**3 + a**2 + a. Determine t(m).
-18
Let z(p) = -9*p - 46. Let x = -15015 - -15009. Calculate z(x).
8
Let x(u